uppose 6*f = f + 10. Let m(y) = -3 + f*y - 4*y + 2. Let r(l) = -6*m(l) - 5*u(l). Determine r(4).
-11
Let y(z) be the second derivative of z**4/12 - 7*z**3/6 + 7*z**2 + 7*z + 126. Give y(6).
8
Let c = -321 - -329. Let v be (28/8 - 4)/(2/c). Let x(u) = -4*u - 1. Let i(y) = -y**2 - 3*y - 1. Let a(h) = -3*i(h) + 2*x(h). Give a(v).
11
Let d(y) = 11*y**2 + y. Let b(p) = -6*p**2 + 7*p + 9. Let m be b(5). Let c = m - -105. Calculate d(c).
10
Let s(v) = -15*v - 3. Let u(t) = -t**2 - 2*t + 4. Let r be u(-2). Give s(r).
-63
Let a(q) = -q**3 - 9*q**2 + 16*q + 8. Suppose 14*u - 118 = 26*u + 2. Determine a(u).
-52
Suppose j - 31 = -4*f, 7*j - 4*j - 4*f - 61 = 0. Suppose 2*i + 9*x + 22 = 4*x, 3*i + 5*x = -j. Let t(g) = -g**2 - 3 - g + 6 - 4 - 20*g**3. Give t(i).
19
Let z(q) be the first derivative of -q**2/2 - 13*q + 302. Let v(b) = -2*b - 27. Let k(x) = 4*v(x) - 9*z(x). Determine k(-6).
3
Let t be (-3)/((66/(-12))/(-11)). Let i(q) = -q. Let o(l) = 12*l**2 - 6*l. Let y(g) = t*i(g) + o(g). What is y(-1)?
12
Let v = 129 + -127. Let d(u) = -104*u + 96*u + 2*u**2 + 9 - u**v. What is d(7)?
2
Let a(c) = -c**2 + c + 2. Let l(z) = 7*z**2 + 19*z - 2. Let k(o) = o**2 + 3*o. Let f(h) = -6*k(h) + l(h). Let s(w) = -a(w) - 2*f(w). Give s(-4).
-2
Suppose -281*q - 4 = -282*q. Let a(l) = -3*l - 14. Determine a(q).
-26
Let s(l) be the third derivative of -l**7/840 - l**6/36 - l**5/15 - l**4/8 - 2*l**3/3 - 40*l**2 + l. Let w(p) be the first derivative of s(p). What is w(-9)?
-12
Let x(p) = 2*p + 1. Let i(g) = 11*g + 5. Let m(w) = 2*w. Let a(l) = -i(l) + m(l). Let f(d) = -a(d) - 5*x(d). Give f(-2).
2
Let t(f) be the second derivative of f**4/12 + f**3/3 - f**2/2 + 65*f. Let d be t(1). Let l(z) = 2*z - 2. What is l(d)?
2
Let w(f) = 31*f + 7*f**2 + 0*f + 12 + 7*f - 47*f - 6*f**2 - 5. Let d = -8 - -16. Determine w(d).
-1
Let d(l) = l**3 - 4*l**2 + 4*l + 6. Let h(m) = 4*m - m**2 + 552*m**3 - 3*m**2 + 4 - 1097*m**3 + 546*m**3. Let v(y) = -3*d(y) + 4*h(y). Determine v(4).
14
Suppose -3*z + 5*x + 42 = 0, -3*x - 24 = -z - 6. Let g(r) = 6*r - 7*r + r**3 - z*r**2 + 7726 + 8*r - 7720. Determine g(8).
-2
Let n(v) = 2*v**2 + 6*v + 1. Let y(i) = -23*i**2 + 6*i - 8. Let h be y(4). Let u = -357 - h. What is n(u)?
21
Let z(f) = -7*f**2 + 2*f - 10. Let s(r) = -r**2 + r - 1. Let j = 96 + -95. Let y(i) = j*z(i) - 4*s(i). Let m(d) be the first derivative of y(d). What is m(-3)?
16
Let o be (-18)/((-1152)/(-208)) - ((-6)/8)/(-1). Let z(h) = -6*h - 19. Determine z(o).
5
Let h(z) = -12*z + z**2 + 10859324 - 12*z - 10859317. Give h(25).
32
Suppose 5*u + 80 = -5*f, 5*f + 4 - 8 = u. Let l(s) = s + 21. What is l(u)?
7
Let u(a) = -a**3 + 5*a**2 + 31*a - 164. Let o be u(6). Let h(v) = 15*v + 213. Calculate h(o).
3
Let x(c) = -c**2 - 4*c + 6. Let d(g) be the second derivative of g**3/3 - 35*g**2/2 - g. Suppose -39 = -2*r - 3*u, 8 = 4*u - 4. Let i be d(r). Give x(i).
1
Let m = 805 + -589. Let v(y) = 55*y**2 - 215 - m - y + 430. Give v(-1).
55
Let l(u) = -7*u**3 - 19*u**2 - 17*u + 19. Let q = -182 - -186. Let j(f) = 3*f**3 + 9*f**2 + 8*f - 9. Let o(x) = q*l(x) + 9*j(x). What is o(6)?
-17
Let p(q) = -2*q**2 + 3*q**2 - 7 - 5*q + 4*q. Let j = -306 + 310. Let w(n) = 41*n - 164. Let g be w(j). Calculate p(g).
-7
Let y(j) = 0*j - 6*j + 3 + 0*j**2 + 0 + j**2. Suppose -238 = -17*r - 153. Calculate y(r).
-2
Let w(r) = -5*r**2 - 2*r + 1. Let u(q) = 6*q**2 + 12*q + 2. Let f(v) = u(v) + w(v). What is f(-7)?
-18
Let s(r) be the first derivative of -r**4/4 + 8*r**3/3 - r**2 - 30*r - 11940. Give s(6).
30
Let q(v) = 2 - 2147*v + 1069*v + 1073*v + 9. What is q(-3)?
26
Let o(c) = -18*c**3 + c. Let x be ((-1)/(-2) + -3 + 2)*-338. Let y = x - 170. Determine o(y).
17
Let z(j) = 31 - 4*j**2 + 2*j**2 - 44 + 17 - 74*j + 9. Determine z(-37).
13
Suppose -7744 = -35*q - 207*q. Let a(k) be the first derivative of 7/2*k**2 - k + q + 1/3*k**3. Calculate a(-6).
-7
Let d(a) = -10*a**2 + 60*a + 1. Let s be d(6). Let b(j) = j**3 - 2*j**2 + j. Let t(h) = 2*h**3 - 5*h**2 + h - 1. Let m(v) = s*t(v) - 3*b(v). Give m(3).
-25
Let u(g) = 4*g**2 + 99*g - 152. Let s(b) = 10*b**2 + 244*b - 380. Let m(c) = 5*s(c) - 12*u(c). What is m(-18)?
-4
Let p(n) be the third derivative of -n**5/60 - n**4/24 + 11*n**3/6 - 5*n**2. What is p(-6)?
-19
Let t(x) be the third derivative of 0 - 1/2*x**3 + 2*x**2 - 1/3*x**4 + 153*x. Give t(-4).
29
Let l(z) be the third derivative of 0*z + 1/24*z**4 - 173*z**2 + 0*z**3 + 0 + 1/15*z**5. Determine l(1).
5
Let h = 12352 - 12345. Let s(o) = 3*o**2 - 15*o - 7. What is s(h)?
35
Let o(v) be the third derivative of v**5/30 - v**4 - 4*v**3/3 + 580*v**2 + v + 3. What is o(12)?
-8
Let c(t) = -3 + 4*t + t**3 - 4*t**2 - 5*t**2 + 4*t**2. Let n be ((-29)/((-3944)/(-306)))/(9/(-12)). Give c(n).
-9
Let b(r) = 2*r**2 - r - 4. Let h = 3012 + -3012. What is b(h)?
-4
Let l(k) be the second derivative of -k**4/12 - 3*k**3/2 + 2*k**2 - 32*k + 4. Let m be 92/(-6) + 2/(-3). Let p = m + 7. What is l(p)?
4
Let q(h) = -57*h - 73. Let c(t) = -27*t - 37. Let j(o) = 13*c(o) - 6*q(o). Give j(-5).
2
Let x(a) = -8*a**2 + 23*a + 65. Let t(m) = 9*m**2 - 28*m - 72. Let r(b) = -5*t(b) - 6*x(b). Determine r(-6).
66
Let a(s) = -11*s + 22. Let x(h) = -9*h + 17. Let m(l) = 5*a(l) - 6*x(l). Give m(9).
-1
Suppose -4*f + 21 = n - 9, 5*n + 2 = -f. Let j(u) = -u**2 + 13*u - 47. Determine j(f).
-7
Suppose 14*b - 34 - 8 = 0. Let k(n) = -5*n + 1 - n + b*n + n + 5*n**2. Calculate k(1).
4
Let m = -5871 - -5875. Let j(z) = -z**2 - z + 8. Calculate j(m).
-12
Let r(n) be the first derivative of -n**3/3 + n**2 - 3*n + 35. Let q(g) = -g**3 + 11*g**2 + 2*g - 16. Let f be q(11). Suppose -7 = -f*c + 5. Give r(c).
-3
Let y be 9/27 + 2/7 + (-4576)/(-546). Let i(z) = z**3 - 10*z**2 + 7*z + 13. Calculate i(y).
-5
Suppose -18*x = -419 + 77. Suppose 27*y - 184 = -x*y. Let w(f) = -4*f + 6. Calculate w(y).
-10
Suppose 0 = 267*y - 258*y + 171. Let j(o) = o**3 + 18*o**2 - 17*o + 30. Calculate j(y).
-8
Let d(g) = 5*g + 18. Let y = -7340 - -7340. What is d(y)?
18
Suppose -2*h + 46 = -4*k - 2, -42 = -2*h - 2*k. Let l(w) = w**3 - 21*w**2 - 20*w - 45. Give l(h).
-1
Suppose 8*j - 32 = 0, -425*k - 13 = -422*k - 4*j. Let r(h) = 28*h**2 - 3*h + 3. What is r(k)?
28
Let t(g) = -g**2 + 3*g + 1. Suppose -1 = -4*i - 5*r + 5, 12 = -2*i + 5*r. Let z(c) = -5*c + 1. Let s be z(i). What is t(s)?
-17
Let b(v) be the second derivative of -v**4/12 + 5*v**3/2 + 9*v**2 - 3654*v. Determine b(0).
18
Let b(l) = l**3 + 6*l**2 - 4*l - 4. Let t be ((-27)/15)/((-3)/175). Let v be (t/(-45))/(1/3). Determine b(v).
-25
Let a(f) = 9*f**3 + 75371*f - 37687*f - 37682*f - 2*f**2 + 1. Determine a(2).
69
Let m(x) = -3*x**3 + 8*x**2 + 2. Let k(c) = c**3 - 1. Suppose -2*d = 272 + 8. Let f = -141 - d. Let q(v) = f*m(v) - 2*k(v). Calculate q(8).
0
Let q = -2128 - -3330. Let y = 1195 - q. Let c(w) be the third derivative of -w**6/120 - 2*w**5/15 - w**4/4 + 5*w**3/3 - w**2. Give c(y).
3
Let n be (12 + -2)*84/(-70). Let c(v) = v**2 + 12*v + 5. What is c(n)?
5
Let s(c) be the first derivative of -5*c**2/2 + 92*c - 3674. Give s(16).
12
Let n(f) = -17 - 23*f + 2 + 78 + 24*f**2 - 22 - f**3. Calculate n(23).
41
Let c(p) = -981*p - 20 + 2*p**2 + 989*p + 3 - 7. Determine c(-6).
0
Let j be (-12 - -2)*(0 - 3/6). Let s(f) be the second derivative of f**3/6 + 3*f**2/2 - 2*f. Determine s(j).
8
Let l = 26 - 25. Let w be (-5 - (-2)/l) + 3. Suppose 5*r + w*d - d = 34, 4*d + 10 = -r. Let z(v) = v**2 - 5*v + 1. Determine z(r).
7
Let j(a) = 125*a - 674 + 1360 - 556. What is j(-1)?
5
Let w(u) = -57*u**3 + 21*u**2 + 3*u - 25. Let a(q) = 170*q**3 - 67*q**2 - 10*q + 79. Let g(k) = 6*a(k) + 19*w(k). Calculate g(-1).
62
Let j(m) = -11*m**2. Suppose 17*c = -2427 + 2393. Calculate j(c).
-44
Let y(i) be the second derivative of 2*i**3/3 - 2*i**2 - i. Let k be (13*(-40)/260)/((-4)/(-6)). Calculate y(k).
-16
Let h(a) be the second derivative of a**4/12 - 7*a**3/6 - 3*a**2 + a. Let b be 64/(-24)*1*126/4. Let c be (35/(-21))/(20/b). Give h(c).
-6
Let m(a) = 2*a**2 - 74*a + 46. Let g(z) = 54*z - 504. Let h be g(10). Give m(h).
-26
Let h(j) = -j**3 + j**2 + 2*j + 11. Let s(c) = 7*c - 65. Let t be s(10). Determine h(t).
-79
Let j(k) be the second derivative of 0*k**2 + 11/12*k**4 + 1/6*k**3 + 3*k + 2. Give j(1).
12
Let h(g) be the first derivative of 4*g + g - 2*g + 2